True
Is 135849921 a composite number?
True
Is 22175911 prime?
False
Is 20424043 composite?
False
Is 7461143 a prime number?
False
Is 74963377 prime?
True
Is 67087859 a prime number?
True
Is 260855159 a prime number?
False
Is 63110051 prime?
False
Is 2619761 composite?
False
Is 170837729 prime?
True
Is 14347523 composite?
True
Is 2493301 a composite number?
False
Is 235099327 a prime number?
True
Is 3740027 a prime number?
False
Is 8180951 composite?
True
Is 5082211 composite?
False
Is 12104639 a prime number?
True
Is 1246517479 a composite number?
True
Is 85010059 composite?
True
Is 159941401 a composite number?
False
Is 17837201 composite?
True
Is 25284569 a prime number?
False
Is 7195231 prime?
False
Is 6025229 a prime number?
False
Is 24219319 prime?
False
Is 17992439 composite?
False
Is 5927039 a composite number?
False
Is 13045783 composite?
True
Is 34439581 a composite number?
True
Is 1221901 a composite number?
True
Is 101597737 a composite number?
True
Is 2277047 a composite number?
False
Is 3924497 a composite number?
False
Is 48189797 prime?
False
Is 1981507 prime?
False
Is 8454847 prime?
False
Is 635267909 a composite number?
False
Is 33616519 a prime number?
False
Is 52597973 a prime number?
True
Is 15676931 a composite number?
False
Is 55095661 composite?
False
Is 105559609 a prime number?
False
Is 24563023 prime?
False
Is 137566249 a prime number?
False
Is 9025559 a prime number?
False
Is 35013458 a composite number?
True
Is 13999189 a composite number?
False
Is 19296111 composite?
True
Is 246948657 a prime number?
False
Is 16945969 a composite number?
True
Is 3579839 prime?
False
Is 230719 a composite number?
False
Is 121237547 prime?
True
Is 64270973 a prime number?
False
Is 1914733 a composite number?
True
Is 81012379 a prime number?
False
Is 105292909 a composite number?
False
Is 41117113 composite?
False
Is 259681 prime?
True
Is 471371 prime?
False
Is 190619683 prime?
True
Is 30927541 a composite number?
True
Is 838297 composite?
True
Is 3026581 a prime number?
True
Is 183694879 a prime number?
True
Is 70386145 a composite number?
True
Is 198618437 prime?
True
Is 173261527 a composite number?
False
Is 6611303 composite?
False
Is 22777537 prime?
True
Is 3439529 a prime number?
True
Is 1311509 prime?
True
Is 2941007 a prime number?
True
Is 19712591 a prime number?
True
Is 63462499 prime?
False
Is 227092361 composite?
False
Is 706205 composite?
True
Is 2929627 prime?
False
Is 26560519 prime?
True
Is 59837257 prime?
True
Is 54198373 a prime number?
False
Is 33380657 composite?
False
Is 34520165 composite?
True
Is 1367291 composite?
False
Is 21016759 a composite number?
True
Is 205159057 prime?
False
Is 2194297 composite?
True
Is 3011399 a composite number?
False
Is 17532293 a composite number?
False
Is 19289497 composite?
False
Is 338993 a prime number?
True
Is 2340911 prime?
True
Is 22683337 a prime number?
False
Is 3428513 a prime number?
False
Is 2108749 composite?
True
Is 273269 composite?
False
Is 290216977 a prime number?
True
Is 132349601 composite?
True
Is 2556683 a prime number?
True
Is 316529 a composite number?
True
Is 1083391 prime?
True
Is 71125619 a prime number?
False
Is 3256861 composite?
False
Is 462041 a prime number?
True
Is 277741 composite?
False
Is 8538223 prime?
True
Is 430079069 prime?
False
Is 504797702 composite?
True
Is 2132173 a prime number?
False
Is 3455791 composite?
False
Is 56112503 composite?
False
Is 72378671 prime?
True
Is 43442359 a composite number?
False
Is 151939631 a prime number?
True
Is 100758877 prime?
False
Is 22320967 composite?
False
Is 4616461 a composite number?
False
Is 2224331 a prime number?
False
Is 732779 a prime number?
False
Is 32477551 a prime number?
True
Is 209508101 a prime number?
False
Is 69694981 prime?
True
Is 21782953 a composite number?
True
Is 25706377 prime?
False
Is 5539949 a prime number?
True
Is 7453637 a composite number?
False
Is 8234351 a prime number?
False
Is 70367 a composite number?
True
Is 251148257 composite?
False
Is 895339 a composite number?
True
Is 35226119 a prime number?
True
Is 19407301 composite?
True
Is 6698381 a prime number?
True
Is 965663 prime?
False
Is 4696649 a prime number?
False
Is 51982823 prime?
True
Is 118037 prime?
True
Is 5356541 prime?
True
Is 1017723703 a composite number?
True
Is 157859146 a composite number?
True
Is 28087087 a prime number?
False
Is 12914411 a prime number?
False
Is 9571207 a composite number?
False
Is 8838953 prime?
True
Is 171207409 composite?
True
Is 10341139 composite?
True
Is 129163583 composite?
True
Is 331874441 a composite number?
False
Is 82029985 prime?
False
Is 119357159 a composite number?
True
Is 20741429 prime?
False
Is 6202309 prime?
False
Is 73091191 a composite number?
True
Is 1646239 a prime number?
False
Is 6313 prime?
False
Is 14290607 composite?
True
Is 43712647 prime?
False
Is 8150839 a composite number?
False
Is 290795569 prime?
True
Is 8260619 prime?
True
Is 21975487 composite?
False
Is 78112159 prime?
False
Is 128220955 a prime number?
False
Is 1387069 composite?
False
Is 5785193 a composite number?
False
Is 37191307 a prime number?
True
Is 9881527 a prime number?
True
Is 163858857 composite?
True
Is 1493313 a prime number?
False
Is 1510643 prime?
True
Is 7372601 composite?
False
Is 34139159 composite?
False
Is 585590479 prime?
True
Is 21048167 composite?
True
Is 206858819 composite?
False
Is 217641833 a prime number?
True
Is 1806839 a prime number?
True
Is 16995011 prime?
False
Is 3431971 a prime number?
False
Is 51039341 a prime number?
True
Is 17700037 prime?
True
Is 16676795 a prime number?
False
Is 6090049 a prime number?
False
Is 5231947 a prime number?
False
Is 276420849 prime?
False
Is 10066921 a prime number?
True
Is 111044993 a prime number?
True
Is 8230549 a composite number?
True
Is 96006683 a composite number?
True
Is 3651491 a prime number?
True
Is 71940129 a prime number?
False
Is 2164471 a prime number?
True
Is 611089 a prime number?
False
Is 197033 composite?
False
Is 206645741 prime?
True
Is 2394731 composite?
False
Is 194941018 prime?
False
Is 614100841 a prime number?
True
Is 75708799 prime?
True
Is 145900903 composite?
True
Is 4401587 a prime number?
False
Is 2244953 composite?
False
Is 58091471 prime?
True
Is 66330133 a prime number?
False
Is 376819 composite?
False
Is 60641897 composite?
False
Is 170125751 composite?
False
Is 72129319 composite?
True
Is 506254799 a prime number?
False
Is 343903877 a prime number?
True
Is 131166577 a composite number?
True
Is 118376717 prime?
False
Is 36154033 composite?
True
Is 9538367 prime?
True
Is 527981 composite?
False
Is 629879 prime?
False
Is 12219827 a prime number?
True
Is 2560049 composite?
False
Is 28948727 composite?
False
Is 624991 a composite number?
True
Is 14672195 prime?
False
Is 3608377 prime?
True
Is 104483 a prime number?
False
Is 15639913 composite?
False
Is 76304483 composite?
True
Is 4312877 composite?
True
Is 8615377 a composite number?
False
Is 353724533 prime?
True
Is 7695557 prime?
True
Is 1711391 a composite number?
True
Is 78895727 a composite number?
True
Is 243015517 a composite number?
False
Is 2642351 a composite number?
False
Is 1305557 composite?
True
Is 691877699 composite?
False
Is 62891629 prime?
False
Is 308553169 prime?
True
Is 83497633 a composite number?
True
Is 11259707 a composite number?
True
Is 12900431 a prime number?
False
Is 76940999 prime?
True
Is 1103797 prime?
True
Is 944302 a composite number?
True
Is 7372481 a prime number?
True
Is 491089649 a composite number?
False
Is 199942507 composite?
False
Is 58151297 a composite number?
False
Is 48419545 a composite number?
True
Is 2996161 prime?
False
Is 611283 a composite number?
True
Is 29809567 a composite number?
True
Is 4099157 a composite number?
True
Is 12295687 a composite number?
False
Is 290971127 a composite number?
False
Is 30109097 composite?
False
Is 4049953 composite?
False
Is 1939753 a prime number?
True
Is 921317 a prime number?
False
Is 22226 composite?
True
Is 67383323 a prime number?
False
Is 33030073 a composite number?
False
Is 623521 composite?
False
Is 7650593 prime?
True
Is 11765329 a composite number?
True
Is 213566993 composite?
False
Is 520981 a prime number?
True
Is 1800593 a composite number?
False